
Let g(r) be the second derivative of -r**4/2 + r**3 - 9*r**2/2 - 11226*r. Determine g(2).
-21
Let l(z) = z**2 - 8*z - 21 + 47 - 17*z - 2*z**2 - 42. Calculate l(-25).
-16
Let t(u) = 28*u - 185. Let d be t(7). Let a(l) = -l**3 + 8*l**2 - l - 2. Let q(h) = 5*h**3 - 40*h**2 + 5*h + 11. Let g(v) = d*a(v) + 2*q(v). Give g(7).
42
Let x(b) = b**2 + 10*b - 1. Let k be (-2)/(-17) - (-747)/153. Let c = 21 - 16. Suppose s = k*t + 45, 0*s = t - s + c. What is x(t)?
-1
Let f(i) be the first derivative of -i**6/120 - 2*i**5/15 - 5*i**4/12 - 3*i**3/2 + 93*i**2/2 + 76. Let r(t) be the second derivative of f(t). Calculate r(-7).
12
Let o(f) be the third derivative of -f**5/6 + f**4/24 - f**3/6 + f**2. Let m be (1/7)/(7/343). Suppose -2*v + 9 = m*v. Calculate o(v).
-10
Let a(x) be the first derivative of 4*x**3/3 + 27*x**2/2 - 6*x - 1277. Calculate a(-7).
1
Let c(p) = -2*p**3 - 6*p**2 + 9*p + 8. Suppose 0 = -207*v + 230*v + 115. Determine c(v).
63
Suppose 28*b - 8*b + 100 = 0. Let j(f) be the second derivative of f**4/12 + 4*f**3/3 + 5*f**2/2 - 3*f - 42. What is j(b)?
-10
Let o be (-9 - 1)*(56/40 - 2). Let k(a) = 2*a - 106*a**3 + 4*a**2 + 107*a**3 + 1 - o*a. Calculate k(-4).
17
Let d(w) = 3*w**2 - 334*w + 1297. Let i be d(4). Let t(a) = a**2 - 5*a - 35. Give t(i).
1
Let j(f) = f**3 + f**2 + f - 3. Let r(g) = -6*g - 5*g + 12*g + g + 8. Let c be r(-11). Let p(l) = l**3 + 15*l**2 + 12*l - 28. Let v be p(c). What is j(v)?
-3
Let s = -55 + 58. Let f(i) = 3*i**2 + 58990 + 4*i + 2*i**2 - 6*i**2 - 58989. Give f(s).
4
Let s(j) = 7*j + 27. Suppose k - 18*h + 20*h = 0, -k = h. Give s(k).
27
Let w(o) = 3*o**2 - 2*o - 2. Let f be (-4)/(-10) + (2646/35 - -4). Let t = 103 - f. Suppose -18*g = -t*g + 10. Give w(g).
6
Let z(f) be the first derivative of -f**6/120 - f**5/10 - f**4/24 + f**3/2 - 2*f**2 - 5*f - 54. Let q(c) be the second derivative of z(c). Calculate q(-6).
9
Let y(h) = -93*h + 44. Let f(b) = -37*b + 21. Let c(i) = -5*f(i) + 2*y(i). Give c(6).
-23
Let u(s) = 263 - 596 + 4*s + 18*s + 0*s. Determine u(15).
-3
Let k(y) = y**2 - 2*y - 5. Suppose -6*g + 17*g = 55. Let a be (261/(-45) - -7)*g. Calculate k(a).
19
Let g(z) be the first derivative of -z**4/4 - z**3/3 - z - 39. Let r(y) = 3*y**3 + 2*y**2 - y + 3. Let i(w) = -2*g(w) - r(w). Give i(-2).
5
Let y(n) = 2*n**3 + 2*n**2 + 1. Suppose 3*q - 18 = -i - 2*i, -5*q = -5*i. Suppose 49 = -i*g + 55. Determine y(g).
25
Let z(m) = 419 - 30*m - 217 + 4*m + 64 - 6. Determine z(10).
0
Let w(r) = -r**2 + 3*r + 12. Let k = -278 + 278. Give w(k).
12
Let i(h) be the first derivative of 2*h**5/15 + 5*h**2/2 - 5. Let a(n) be the second derivative of i(n). Suppose 0 = -z - 5, -5*r = -2*z + z. Give a(r).
8
Let w(n) be the first derivative of 3*n**2 + 2/3*n**3 + 2*n + 40. Determine w(-4).
10
Suppose -3*h = -5*h + 2*z + 4, -2*h + 3*z = 0. Let l(n) = h + 58*n - 55*n - 4*n**2 + 0*n**3 + n**3 + 3*n**2 + 5*n**2. Determine l(-5).
-34
Let i(p) = 4*p - 17. Let q be i(13). Let k be (2*q/(-10))/(-1). Let s(u) = -3*u + 3*u + 15 - u. What is s(k)?
8
Let u = 1123 - 1127. Let r(k) = 4*k**2 - k + 1. Give r(u).
69
Let s(g) = -5*g**2 - 28*g + 200. Let b be s(-10). Let z(v) = 7*v**2 + 138*v - 42. Determine z(b).
-2
Let r = 17 + -12. Let i(a) = -1 + 961*a**2 - 4 - 960*a**2 + 1. Give i(r).
21
Suppose 0 = 38*y + 106 - 14 + 98. Let s(f) = 4 + 2*f - 4*f**2 - 2*f + 5*f - f**3. Give s(y).
4
Let o(b) = -b**2 - b - 2. Let a(h) = h**2 - h + 9. Let i be a(5). Let p = i + -20. Suppose -3*y + 4*l - p = 0, -3*y - 9 = -0*y - l. Calculate o(y).
-8
Let x(z) = -4*z + 0*z + 2*z**2 - z**2 - 3. Suppose 126 = -2*s + 5*r + 402, 5*r - 612 = -4*s. Suppose 154*a = s*a + 30. What is x(a)?
2
Let n(b) = 3*b**2 - 9*b. Let v(x) = 16*x**2 - 46*x. Let s(o) = 11*n(o) - 2*v(o). Let p(u) = -2*u**2 + 29*u. Let w be p(-19). Let a be (-1)/3 - w/201. Give s(a).
-6
Let y(u) be the first derivative of -7*u**2 + 18*u + 10345. Calculate y(-5).
88
Let y(x) = 4*x + 406. Let i(o) = o + 45. Let n(m) = 19*i(m) - 2*y(m). Give n(-4).
-1
Let m be ((-70)/(-15))/(-14) + 2/6. Suppose -3*c = -3*v + 6, m = -c + 6*c - v + 26. Let s(w) = w**3 + 5*w**2 - 8*w - 8. Determine s(c).
4
Let u be -12 - -18 - (5 - -1). Let p(v) = -v**2 - v + 1. Calculate p(u).
1
Let o(r) = -4 - 6 - r**2 + 0*r**2 + 4*r + 11*r - 8*r. Let u be (-1)/(-2) - (-59)/(-2). Let b = -22 - u. What is o(b)?
-10
Let j be 20/3 - (-10)/(-15). Let r(g) be the third derivative of g**4/12 - g**3 - 29*g**2. Let p(u) = -u + 3. Let x(o) = 5*p(o) + 3*r(o). Give x(j).
3
Let y(w) = -6*w - 154. Let k = 6416 + -6444. Determine y(k).
14
Let b(h) = 2216 - h**2 - 2238 + 3*h**2 + h**2 - 13*h - 4*h**2. Calculate b(-10).
8
Let w be 2 - 20 - (39 + -53). Suppose -u = -2*u. Let f(d) = d**2 + u + 1 - 4*d + 0 + 9*d. Give f(w).
-3
Let v(j) = 8*j**2 - 8*j**2 - j**2 + 30 - 2*j**2 + 2*j**2 - j. What is v(-5)?
10
Let j(q) = -7*q - 153. Let l = 4987 + -5010. Determine j(l).
8
Let q = 5 - 10. Let x(a) be the third derivative of 1 + 7/6*a**3 + 0*a + 1/120*a**6 + 1/24*a**4 + 1/12*a**5 - 22*a**2. Give x(q).
2
Let k be (1/((-6)/(-279)))/(12/(-8)). Let m(s) = s**2 + 30*s - 19. Calculate m(k).
12
Let g = 944 + -938. Let s(w) = -w**3 + 4*w**2 + 15*w - 6. Calculate s(g).
12
Let i(w) = w**3 + w - 31. Let m(c) = -c**3 - 27*c**2 + 51*c - 203. Let r be m(-29). What is i(r)?
-31
Let z be 4/6*6/4. Let q(d) = 462*d**3 - 26*d**2 + 26*d + 15. Let w(u) = 213*u**3 - 12*u**2 + 12*u + 7. Let y(p) = 6*q(p) - 13*w(p). Calculate y(z).
2
Let d(a) = -2 + 906*a - 903*a - 6 - 31. Determine d(11).
-6
Let t(u) = -u**3 - 16*u**2 - 17*u + 6. Let l(v) = -49*v + 3513. Let n be l(72). What is t(n)?
36
Let p = -216 - -226. Suppose p = -5*a + 15*a. Let k(c) = -34*c**2 + 1. What is k(a)?
-33
Let b(u) = u - u - 3*u + 13 + 4*u. Let o = 2317 + -2329. Determine b(o).
1
Let o = 3577 + -3579. Let s(r) = -18*r - 27. Determine s(o).
9
Let o(w) = -13*w**3 + 12*w**2 + 86*w + 14. Let y(d) = 3*d**3 - 3*d**2 - 20*d - 3. Let u(n) = 4*o(n) + 17*y(n). What is u(2)?
-7
Let v be 10 + (9 - 17) + -8. Let k(r) = -6*r + 27. Determine k(v).
63
Let y(u) = 3*u**2 + 29*u - 15. Suppose -22*n - 10662 + 10442 = 0. Determine y(n).
-5
Let w(t) = 8*t - 3. Let v(l) = 23*l - 9. Let d(k) = -6*v(k) + 17*w(k). Let b(j) = -j + 2. Suppose 3*x = -x + 28. Let p(f) = x*b(f) - 3*d(f). What is p(-6)?
11
Suppose 14*v - 23*v + 2232 = 0. Let d = v + -235. Let p(i) = i**2 - 14*i + 19. What is p(d)?
6
Let z(a) = -a**2 + 8*a + 510. Suppose -4*g + 113 = 5*v, -2*v - 52 = -1682*g + 1680*g. Give z(g).
-3
Let t = -39 + 41. Suppose -3*p + 5 = 2*b - 4, -5 = -t*b + p. Let c(s) = -2*s**2 - 2*s + 0*s + 2 + s + b*s. Determine c(2).
-2
Let v(p) be the second derivative of p**5/20 - 5*p**4/12 - 3*p**3/2 + p**2/2 + 1849*p. Calculate v(6).
-17
Let u(o) = -447*o - 2240. Let k be u(-5). Let t(x) = 3*x**2 + 15*x + 10. Give t(k).
10
Let y(t) be the second derivative of 3*t**4/4 + t**3/6 - t**2/2 - 3*t. Suppose -18*n = -3665 + 173. Let v = n - 193. Determine y(v).
9
Let n be (19 + -19)/(-4 + -7 - -6). Let a(p) = -p**3 + p - 5. Let t(i) = -i**3 - 1. Let k(m) = a(m) - 2*t(m). What is k(n)?
-3
Let v(o) = o - 5. Let q be ((-134)/(-7) - 0) + 822/959. Determine v(q).
15
Let r be ((-1292)/(-152) - 1/(-2)) + -21. Let h(d) = -d + 2. Determine h(r).
14
Let h(f) be the first derivative of f**4/2 + 5*f**3/3 - 3*f**2/2 + 3*f - 7737. Give h(-3).
3
Let b be ((-27)/15)/((-6)/20). Let x(h) = b*h**2 - 12 + 4*h**3 + 5*h + 16 - 3*h**3 - 10. What is x(-5)?
-6
Let k be 9 + (-6 - ((-15582)/651 + (-6)/93)). Let g(q) = q**3 + 1. Let a(j) = -6*j**3 + 27*j**2 + j - 28. Let o(m) = -a(m) - 5*g(m). Give o(k).
-4
Let k(s) = 8*s - 1744 + s + 3471 - 1736. Calculate k(0).
-9
Let l(c) = -37*c**2 - 7*c + 3. Let j be l(-2). Let k = -128 - j. Let u(m) = 7 - 5*m**2 - 2 + 6*m**k - 7*m**3 - m + 2*m. Calculate u(-5).
0
Let d(q) = -q**3 - 35*q**2 + 39*q + 108. Suppose -5188*t + 648 = -5206*t. Calculate d(t).
0
Suppose 665 = -2*f + 657, 4*j - 12 = f. Let q(b) = 3*b - 1 - b**3 - 1 - 3*b**2 + 2*b**3 + b**3. What is q(j)?
8
Suppose 3*g + 37 = -28*y + 33*y, 0 = 2*y + g - 6. Let j(o) = o**2 - 6*o + 6. Give j(y).
1
Let i(g) be the third derivative of g**6/120 - 17*g**5/60 + 11*g**4/12 - 5*g**3/2 - g**2 - 4155*g. Determine i(16).
81
Let y(q) be the second derivative of q**4/12 + 7*q**3/6 - q**2/2 - 7*q + 4. Suppose -3*u + 1 = -23. Su